3
Suppose 2*u = y - 121, -2*y + 3*y = 5*u + 109. List the prime factors of y.
3, 43
Suppose 4*k = 6*k. Suppose 5*q - 35 = 3*w, -2*q + w = -k*w - 14. What are the prime factors of q?
7
Let i = 22 - 16. Suppose 69 = i*z - 3*z. List the prime factors of z.
23
Let o(f) = -f - 1. Let c(i) = 15*i + 15. Let v(d) = 2*c(d) + 33*o(d). List the prime factors of v(-2).
3
Suppose 3*o + d = 38, 32 = 3*o - 0*o - 2*d. Suppose j - o = -4. List the prime factors of j.
2
Suppose 4*u = 2*n + 776, u - 261 = 3*n - 77. List the prime factors of u.
2, 7
Suppose 240 = 4*m - 4*q, -47 = 4*m + 5*q - 296. Suppose -2*n + m = -109. Suppose -5*j - 4*z = -113, -n = -5*j - z + 22. List the prime factors of j.
3, 7
Let l be 2 + (1 - 6/2). Suppose l*f - 2*f = -32. What are the prime factors of f?
2
Suppose -4*w = -3*a - 5, 5*w = -4*a + 3 + 42. Suppose a*i - 282 = -i. List the prime factors of i.
47
Let q(s) = 5*s**2 + 5*s - 5. Let x be q(-6). Suppose 0*f = -5*d + f + x, -4*f = -20. Suppose 15 = 2*i - 3*c, 5*i - d = -0*i + 5*c. List the prime factors of i.
3
Suppose -12 - 10 = -g - 3*r, 0 = -2*g + r + 72. What are the prime factors of g?
2, 17
Suppose -2*t = -3*t + 3*d + 8, 0 = 4*t - 4*d - 16. Let g = 1 - t. Let f(l) = 9*l**2 + l + 1. List the prime factors of f(g).
3
Let t(f) = -f**3 - 3*f**2 + 4*f - 6. Let k be t(-4). What are the prime factors of k/(-4)*(-1 + 5)?
2, 3
List the prime factors of 10/15 + 250/3.
2, 3, 7
Suppose -8*s + 5*s + 27 = 0. What are the prime factors of s?
3
Let k(z) = -z + 15. What are the prime factors of k(8)?
7
Let i be (-2)/(-9) + (-172)/(-36). Let u = -5 - -9. Suppose q = u*s + 3, 0*q + 2 = q - i*s. List the prime factors of q.
7
Let l = 122 + -42. List the prime factors of l.
2, 5
Suppose -f - 33 = -4*m, 0 = 3*m - 0*m + 2*f - 22. What are the prime factors of m?
2
Let q(o) = -4*o**3 - 13. List the prime factors of q(-3).
5, 19
List the prime factors of 4/(-16) + (-521)/(-4).
2, 5, 13
Let w(x) = x**3 - 5*x + 379. What are the prime factors of w(0)?
379
Suppose -i - 5*t + 0*t + 142 = 0, -t = 5. What are the prime factors of i?
167
Let q(o) = -o**3 - o + 5. Let w be q(0). Suppose 0 = 4*f + 4*d - 100, 5*f - w*d - 45 = 50. What are the prime factors of f?
2, 11
Suppose 0 = 4*t - 5*a + 25, -3*a + 10 = -t - 5. Suppose 3*s + 30 - 132 = t. What are the prime factors of s?
2, 17
What are the prime factors of (-72)/(-33) + -2 + (-25380)/(-165)?
2, 7, 11
Suppose -3*b = -2*n - 183, -n = 3*b - 0*n - 183. What are the prime factors of b?
61
What are the prime factors of ((2 - 3) + 515)*3/6?
257
Let t(r) = r - 5. Let l be t(6). Let n = 17 + l. What are the prime factors of n?
2, 3
Let f(r) = 3*r**3 - r**2 - 2. Let q be f(2). Suppose -14 = -5*m + 6. Suppose 2*d + 2*a - q = 0, -m*a + 1 + 19 = 0. List the prime factors of d.
2
Let y be 2812/(-26) + (-8)/(-52). Let q = 157 + y. What are the prime factors of q?
7
Let c(l) = -l**3 - 8*l**2 - 10*l - 3. Let j be c(-7). Let u be 8/36 - 22/j. Let d(f) = -6*f**3 + f**2 - 1. What are the prime factors of d(u)?
2, 3
Let c(l) be the first derivative of -l**4/4 - 5*l**3/3 - 3*l**2 - 5*l - 5. What are the prime factors of c(-5)?
5
Let l(m) = m + 8. Let p be (-1)/((8/(-14))/4). Let u be l(p). Suppose 1 + u = 2*o. List the prime factors of o.
2
Let j(x) = -3*x**3 - 3*x**2 - 5*x - 3. Let r be j(-3). Suppose 5*t = 34 + r. What are the prime factors of t?
2, 5
Suppose -3*z - 372 = -2*m, -4*m + 559 = -m - 5*z. What are the prime factors of m?
3, 61
Suppose 0*p - 90 = -3*p. List the prime factors of p.
2, 3, 5
Let v = -1 + 3. Let c(a) = -a**3 + 4*a**2 - 3*a + 1. Let w be c(v). Suppose w*o - 11 = 43. List the prime factors of o.
2, 3
Let u(y) = 4*y**2 + 4*y + 1. List the prime factors of u(-4).
7
Let p(v) = 3*v**2 + 5*v + 2. Let u be p(-3). Let q = 27 - u. List the prime factors of q.
13
Suppose 0*r - 24 = 4*r. Let m be (r/9)/(4/(-30)). Suppose 0 = -4*i + m*i - 5. What are the prime factors of i?
5
Let i = 22 + -6. Suppose 4*u + 21 = -2*g + 3*g, 4*u + i = -4*g. What are the prime factors of 9*((-2)/(-2))/g?
3
Let n(y) = -3*y**2 + 2*y + y**3 + y**3 + 1 - 3. Suppose -5*h - 2*v + 4 = -6, 5*h + 3*v - 10 = 0. What are the prime factors of n(h)?
2, 3
Let q = 23 + -11. What are the prime factors of 285/q - (-3)/12?
2, 3
Suppose -142*a + 375 = -137*a. List the prime factors of a.
3, 5
Suppose 2*r + 2*v + 28 = 0, -4*v - 12 = r - v. List the prime factors of 66/(-5)*r/6.
3, 11
Suppose 2*n + 5*r = 191, n = -2*n - r + 293. What are the prime factors of n?
2, 7
Let s(g) = -6*g + 1. Suppose x - 4 + 0 = 0. Suppose 3*p - x*p + 8 = 5*u, p + 3*u = 4. What are the prime factors of s(p)?
13
Suppose 5*v = 5*t - 150, v = -2*t + 5*t - 94. Suppose 0 = -h + 5*h - t. What are the prime factors of h?
2
Suppose 2*k + 0*k + 4 = -3*i, 4*i = -16. Let s = -3 + k. Let z = s - -10. List the prime factors of z.
11
Let y = -11 + 16. Suppose -r + 4 = 0, 5*l - y*r - 64 = l. List the prime factors of l.
3, 7
Let t = 37 + -6. What are the prime factors of t?
31
Suppose 0 = -3*m + 3. Let g be (-9)/1*m/(-3). Suppose -9 = g*w - 6*w. What are the prime factors of w?
3
Let i(f) = f**2 - 4*f. Let z(y) = y**2 - 3*y + 1. Let g be z(4). List the prime factors of i(g).
5
Let f(o) be the first derivative of o**4 - o**3/3 + o**2/2 - o + 2. Let n be f(1). Suppose n = q - 2. List the prime factors of q.
5
Let g = -5 - -7. Suppose -2*p + 3*z + g + 3 = 0, -3*z = 3*p - 45. List the prime factors of p.
2, 5
Let m = 5 + 72. List the prime factors of m.
7, 11
Let p be 1 + -3 + 4 + 3. Suppose 5*a - 4 - 6 = 0, 3*a = 2*w + 6. Suppose -4*c = -p*d - w*d - 33, -2*c + 5*d + 29 = 0. What are the prime factors of c?
2
Let h = -63 - -89. Let s = h - 17. List the prime factors of s.
3
Let a = 3 - 1. List the prime factors of a*7/((-14)/(-20)).
2, 5
Let x(h) = 12*h + 2. Let g be x(2). Suppose 3*j - 2*a - g = j, 0 = -5*a - 10. What are the prime factors of j?
11
Suppose 4*q - 372 = 3*k - 5*k, -186 = -2*q - 3*k. Suppose 7*p - 4*p - q = 0. What are the prime factors of p?
31
Suppose -n + 0 - 2 = 0. Let t be (-15)/(-10) - n/4. Suppose 2*m = -a - t*m + 25, 5*m = 3*a + 10. List the prime factors of a.
5
Suppose 83 = 8*p - 61. What are the prime factors of p?
2, 3
Suppose 5*t + 2*m = 116, 2*t - 44 = -6*m + 4*m. Suppose 2*s = t - 2. What are the prime factors of s?
11
Suppose 0 = -6*x + x - 2*r + 856, 853 = 5*x + r. What are the prime factors of x?
2, 5, 17
Let z(m) = m + 3. Let t be z(0). Suppose 0 = r + t*x + 1 - 16, 2*r = -2*x + 14. Let s = r - 1. What are the prime factors of s?
2
Suppose 356 = 5*a - 564. List the prime factors of a.
2, 23
Suppose 3*z - 7 = 41. Let c = z - 7. List the prime factors of c.
3
Suppose -6*a + a + 75 = -2*v, -5*v + 75 = 5*a. What are the prime factors of a?
3, 5
Let q = 109 + -47. List the prime factors of q.
2, 31
Let z(h) = 40*h**3 - 4*h + 3. What are the prime factors of z(1)?
3, 13
Let x be ((-4)/(-6))/(1/6). Let y = 17 - 26. List the prime factors of 2/(-8) - y/x.
2
Let a(i) = 3*i**3 + i**2 + i - 2. Let l = -13 - -15. What are the prime factors of a(l)?
2, 7
Let l(y) = 2*y - 5. Let o be l(10). Let m(b) = 5*b**2 + b - 1. Let u be m(2). Let g = u - o. List the prime factors of g.
2, 3
Suppose 5*f = 3*a + 6, 3*a + 0*f + f - 12 = 0. Suppose b = a*b. Suppose b*l + l - 9 = 0. What are the prime factors of l?
3
Suppose -2*z = -4*z + 268. List the prime factors of z.
2, 67
Suppose 11*q + 5 = 16*q. Let j be (-1 - (-2 + 1)) + 2. Let h = q + j. List the prime factors of h.
3
Let b = 15 - -21. List the prime factors of b.
2, 3
List the prime factors of (-1 - -188 - 4) + -4.
179
Let c(k) = 11*k - 1. Let q be c(-4). Let f = 89 + q. Suppose 4*g + 2*j - 31 = j, 3*j = -5*g + f. What are the prime factors of g?
7
Suppose 0 = 4*t - 3*o - 299, 4*t + t = -5*o + 330. What are the prime factors of t?
71
Suppose -2*b = -2*w - 18, -b - 2*b + 5*w = -25. List the prime factors of b.
2, 5
Let i(v) = -v**3 - 11*v**2 + 12*v + 1. Let d be i(-12). List the prime factors of d/1*35 - 3.
2
Let l(w) = 80*w + 2. List the prime factors of l(1).
2, 41
Let f = -16 + 4. Let x = f + 22. List the prime factors of x.
2, 5
Let i be ((0 + 126)/2)/1. Let h = i + -37. What are the prime factors of h?
2, 13
Let v be 140/18 + 8/36. Suppose -3*c = -2*y - 5, -c - v = -y - 3*c. List the prime factors of y.
2
Suppose z - 28 = -8